 of g**5/20 - g**4/4 - 2*g**3/3 - 5*g**2/2 + g. Determine m(i).
-5
Let n(w) = 8*w - 5*w + 21 + 0*w + 13 - 46. Calculate n(-3).
-21
Let s(b) be the first derivative of 3*b**2/2 + 47*b - 216. Determine s(15).
92
Let q(z) = 26*z**2 - 4*z - 2. Let r(m) = -5*m**2 - 4. Let o(w) = -q(w) - 5*r(w). Calculate o(0).
22
Suppose 5*x + l + 3*l = 25, -3*x = 3*l - 15. Let a(f) = -2*f - 1057*f**3 - 7*f - 1043*f**3 + 2099*f**3 + 7*f**2 - 4. Give a(x).
1
Let a(l) = -l**2 - 7 - 59*l - 52*l + 174*l - 58*l. Determine a(3).
-1
Let u(m) = 2*m - 6. Suppose 0 = -j - 5, -5*a = -3*a + 5*j + 149. Let l = 62 + a. Suppose -2*d + l = -12. What is u(d)?
6
Let f(v) = 3*v**3 - 3*v**2 + 4*v - 3. Let a(x) = 0*x - 23 + 3*x + 38. Let d be a(-5). Suppose -2*i - 6 = -5*c - 35, d = -4*i + c + 13. Determine f(i).
17
Let o(a) = 3*a + 10. Let j be o(-7). Let y(c) = 31 + 77*c - 36*c - 25*c. Let z(x) = 3*x + 6. Let f(s) = j*z(s) + 2*y(s). Determine f(3).
-7
Suppose 3*f - 7*f = -8. Let v(o) = -3*o + 8*o - 3*o - o**f - o + 7. Suppose 4*z - 3*l + 6 = 0, -10 = -4*z + l - 6*l. Determine v(z).
7
Let u(d) = -349*d - 1057. Let j be u(-3). Let h(l) = -l**2 - 9*l + 20. Calculate h(j).
10
Let l(v) = -30*v + 863*v**2 + 33*v - 862*v**2 - 11. Calculate l(-4).
-7
Suppose 53*m - 10 = -440 + 6. Let i(k) = -k**2 - 12*k - 6. Calculate i(m).
26
Let m(w) = -23*w + 18. Let j be m(0). Suppose 27*q = 21*q - j. Let b(f) = f**2 - 1. Calculate b(q).
8
Let s(j) be the first derivative of -18 + 3/4*j**4 + 0*j**3 - 1/20*j**5 + 1/2*j**2 + 19*j. Let v(t) be the first derivative of s(t). Calculate v(9).
1
Let o(c) = 72*c**2 - 86*c - 2. Let p be o(1). Let f(d) = -d**2 - 18*d + 1. Give f(p).
33
Let c(o) = -17*o + 327. Let d(x) = 13*x - 244. Let m(h) = 3*c(h) + 4*d(h). Let p = 8 + -16. What is m(p)?
-3
Let r(w) = w + 1. Suppose 2*j + 10 = 7*j. Let m(g) = -j + 6 + 1 - 4. Let p(l) = -m(l) - r(l). Give p(5).
-7
Let a(l) = 4*l**2 - 4 + 467*l + l**3 - l**2 + 0 - 469*l. Let q(o) = o**2 - 9*o + 5. Let v be q(8). What is a(v)?
2
Suppose -894*b - 176 = -806*b. Let s(r) be the second derivative of -5*r**3/6 - r**2/2 + 3*r. Calculate s(b).
9
Let c(m) = m**2 + 6*m. Suppose -19*f + 16*f + 9 = 0. Let g be f/(-1) - (-4 - -6). Calculate c(g).
-5
Let h(y) = -438544*y + 8 + 219272*y + 219277*y. Determine h(-14).
-62
Let c(d) be the first derivative of d**4/4 + 2*d**3 + 7*d**2/2 - 16*d + 6626. What is c(-7)?
-114
Let y = 107 + -97. Let a(t) = y*t - t - 2 + t**2 + 3 - 2*t. What is a(-5)?
-9
Suppose -2*o - 4*l + 104 = -3*l, 2*o - 92 = 5*l. Let u be o + -1 + (-10)/5. Let g = u + -50. Let b(z) = 3*z**3 + z**2 - 4*z - 3. Calculate b(g).
-15
Suppose 20 + 20 = -5*u. Let q(f) = f**3 - 11*f**2 - 3*f - 56. Let z(a) = 3*a**2 - a + 9. Let h(y) = -q(y) - 6*z(y). Give h(u).
-6
Let g = 14 - 3. Let f(o) be the first derivative of -o**6/360 + 11*o**5/120 + o**4/8 + o**3 - 22. Let h(t) be the third derivative of f(t). Give h(g).
3
Let o(a) = -4*a**2 - 5*a - 4. Let b(l) = 3*l**2 + 3*l + 4. Let q(y) = 5*b(y) + 4*o(y). Let m be 20/(-60)*(17 - -1). Give q(m).
-2
Let o(n) be the first derivative of 31 - 3*n - 100 - n + 2*n**2 + 35. Determine o(-3).
-16
Let r(z) = z**2 - 8*z - 2. Let d be -2 - (-7 - -6) - (-4 + -1). Calculate r(d).
-18
Let o(h) = -2*h**3 + 4*h**2 - 3. Let t be (-7)/((-294)/12) - (-2782)/14. Let m = t - 196. Determine o(m).
-21
Let x(h) = 122*h**2 + 117*h - 175. Let n(q) = -22*q**2 - 23*q + 35. Let f(s) = 11*n(s) + 2*x(s). Calculate f(7).
0
Let m(y) be the third derivative of 2/3*y**3 + 69*y**2 - 1/60*y**5 + 0*y + 0 - 1/8*y**4. Determine m(-5).
-6
Let u(t) = 17*t**3 + 2*t**2 + 2*t - 4. Let l = -14861 + 14862. Calculate u(l).
17
Let z(i) = -i**3 + 4*i**2 + 5*i. Suppose 0 = 4*l + 5*b - 19, -3 = -b - 0. Let s be (l + 1 + -1)/1*5. Give z(s).
0
Let i(x) = x**2 + 27*x + 73. Let l be i(-24). Let z(v) = 12*v - v**3 - 22*v + 5*v + l - 6*v**2. Give z(-4).
-11
Let a(s) = s + 3. Let u be a(-9). Suppose 4 - 28 = 6*v. Let n(d) = 3*d + 1. Let k(j) = -4*j - 2. Let c(x) = v*k(x) - 5*n(x). What is c(u)?
-3
Let z(t) = -40*t + 660. Let b(w) = 2*w - 30. Let y(g) = -132*b(g) - 6*z(g). Give y(2).
-48
Suppose -539*u + 6985 = 501*u - 295. Let g(k) = -13*k**2 + 41*k + 1. Let r(m) = 3*m**2 - 10*m. Let j(n) = -2*g(n) - 9*r(n). Give j(u).
5
Let x be (3/2)/(3/4). Suppose 13 = 8*h - 3*v, 7*h - 5*h = 2*v + 2. Let l(b) = 0*b**h + b**2 + 0*b**2 - 4 + 5*b - 2*b**x. Determine l(3).
2
Let m be (111/1332*1*4)/(1/(-111)). Let q(r) = r**2 + 36*r - 34. Calculate q(m).
3
Let f(u) be the first derivative of u**5/40 + u**4/24 - u**3/3 - 2*u**2 - 62. Let i(s) be the third derivative of f(s). Let m = -1 + 2. Calculate i(m).
4
Let u(m) = -3*m**2 + 4*m - 3. Let z = 3776 - 3774. Give u(z).
-7
Let z(q) be the third derivative of -q**6/40 - q**5/30 - q**4/8 - q**3/2 + 2*q**2 + q + 800. Let n = 1 - -2. Let o be (-6)/4*4/n. Give z(o).
19
Let a(f) = 8*f + 307. Let q(m) = -23*m - 521. Let b be q(-21). Give a(b).
3
Let l(g) be the first derivative of -3 - 1 - g**2 + 2*g - 1 - g**2. Let i(u) = 11*u - 7. Let h(n) = -3*i(n) - 8*l(n). Give h(6).
-1
Suppose h - 4*i + 16 = -0*h, 4*i - 16 = 0. Suppose h = -2*m - 5*r + 4, 4*m = 5*r - 21 - 1. Let j(n) = -3*n**2 + 7*n**2 + n**3 + 1 + 3*n + n. Calculate j(m).
-2
Suppose 5*o - 10 = 0, -2*j + 7*o - 4 = 3*o. Let f(q) = -q**3 - 410*q**2 + 833*q**2 - 412*q**j - 9. What is f(11)?
-9
Let o(v) be the first derivative of v**3/3 + 9*v**2/2 - 159*v - 2. Let a(n) be the first derivative of o(n). Determine a(7).
23
Suppose 92 + 13 = 5*v. Let n = v + -19. Let k(g) = -11*g**2 - 9*g**n + 19*g**2 - 3*g + 1. What is k(-4)?
-3
Let w(j) = j**3 + 7*j**2 + 29. Let t(y) = -4*y**3 - 29*y**2 - 125. Let c(v) = -2*t(v) - 9*w(v). Determine c(-5).
-11
Suppose 382 = -56*o - 10. Let q(i) = -4*i**3 + 4*i**2 + 5*i + i + 4*i**2 + 5*i**3 - 10. Calculate q(o).
-3
Let a(i) be the second derivative of i**3/3 - i**2/2 - i. Let v = -6 - -21. Suppose 20 - v = 5*c. What is a(c)?
1
Let t = 41 + -48. Let u(q) be the third derivative of -q**6/120 - 2*q**5/15 - q**4/3 + 75*q**2. Determine u(t).
7
Let s(a) be the first derivative of -a**3/3 + 7*a**2/2 - 3*a - 1. Suppose 5*x + 7*i - 10*i + 13 = 0, i + 14 = -2*x. Let r be x/(-10)*(-2)/4*-20. What is s(r)?
7
Let u(n) = n**3 + 12*n**2 - 14*n - 24. Let i be u(-13). Let a(j) = -9*j - 337 + j**3 - 334 - 334 + 10*j**2 + 1015. Calculate a(i).
-12
Suppose 0 = -5*g - 55 + 150. Let c(b) = 4*b**2 + 50*b - 252. Let u be c(-17). Let p(a) = 27*a**2 - 1 + 29*a**2 + g*a**2 - u*a**2 - 2*a. Give p(-1).
22
Let k(c) = -c. Let i(a) = -a**2 - 4*a. Let o = -177 - -176. Let r(u) = o*i(u) + 4*k(u). Calculate r(0).
0
Let v(w) = -w**2 - 6*w + 7. Let t = 166 - 172. Let q be v(t). Let f(d) = -3*d + 4. Determine f(q).
-17
Suppose -5*k = 3*w + 12, -k - 3*k + 3*w + 12 = 0. Let h(i) = -12 - i**3 + k*i**3 - 275*i + 10*i**2 + 276*i. Calculate h(10).
-2
Let p(w) = -2*w - 16. Let n(x) = x**2 - 162*x + 1376. Let k be n(9). Determine p(k).
-14
Suppose 42*l + 69*l = -174*l + 570. Let r(x) be the third derivative of -1/60*x**5 + 0 + 0*x + 5/24*x**4 + 14*x**l - 1/2*x**3. Calculate r(6).
-9
Let z = 47 - 39. Let l(g) = -g**3 + 7*g**2 + 16*g - 29. Calculate l(z).
35
Let u(l) = -11*l - 31. Let g(z) = 9*z + 18. Let p(b) = -7*g(b) - 4*u(b). Give p(-2).
36
Let l(k) = -62*k**2 - 68*k + 1. Let n(x) = 43*x**2 + 48*x - 1. Let z(i) = -5*l(i) - 7*n(i). What is z(-3)?
71
Let h(a) = 6*a + 195. Let b = 7028 - 7060. Calculate h(b).
3
Let o(p) = 14 + 74*p - 274*p + 74*p + 133*p. Determine o(-10).
-56
Let i(q) = 768*q + 6128. Let a be i(-8). Let s(z) be the first derivative of -z**2 - 28*z - 5. Determine s(a).
4
Let k(n) = -13*n + 110. Let c(w) = 3*w - 21. Let r(y) = -9*c(y) - 2*k(y). Calculate r(-14).
-17
Let h be -48 - (5 - (9 - 7)). Let d be (-6)/4 - h/6. Let o(i) = -i**3 + 8*i**2 - 8*i + 16. Give o(d).
9
Let c(r) = 2*r**2 - 112*r + 764. Let n be c(8). Let p(v) = 2*v**2 - 3*v - 32. Give p(n).
12
Let n be (60/(-48))/(4/(-16)). Suppose -n*c + 24 = 4. Let h(o) = -o**3 + 6*o**2 - 9*o - 2. Calculate h(c).
-6
Let x = 12764 - 12729. Let y(z) = -z**2 + 36*z - 20. Give y(x).
15
Let n(k) = -3*k**3 + 33*k**2 + 6*k + 5. Let j be n(7). Let l(b) = 1259*b - j*b - 630*b. What is l(-4)?
24
Suppose -19 = -5*l - 4. Let j(d) = -14 - 6*d**2 - d + d**l + 1 + 15*d**2. Give j(-9).
-4
Let t(g) = -439*g + 440*g + 2 + 0. Let u be t(2). Let d(l